t common factor of 1566 and g.
54
Suppose -3*o - 3*l = 0, -15 = 2*o - 0*l - 3*l. Let y be (-6)/(((-1)/5)/(o/(-10))). Calculate the greatest common factor of y and 1.
1
Suppose -197 + 2087 = 135*u. What is the greatest common factor of u and 62?
2
Let r(j) = 92*j**2 + 162*j - 1361. Let f be r(8). Calculate the greatest common factor of 9 and f.
9
Suppose 14*b = 5*s + 13*b - 17213, -5*s + 5*b = -17185. Calculate the highest common factor of 126 and s.
42
Suppose 2*c = -5*w - 24 + 8, c + 6 = -2*w. Suppose -17 - 27 = -c*l. Let g be ((-392)/(-42) - 13)*-3. Calculate the highest common divisor of g and l.
11
Suppose 74*n - 62987 - 28151 = 66704. What is the highest common factor of 27 and n?
27
Let x(t) = t**3 - 6*t**2 + 7*t + 4. Let q be x(4). Suppose 2*m - 2*i - 450 = q, m + 18 = 5*i + 247. Calculate the greatest common divisor of 7 and m.
7
Let h = 73493 + -73490. Let c be 1*(5 + -1) - -1. What is the greatest common factor of h and c?
1
Let x(m) = -13*m + 117. Let g be x(7). Let p = 62 + 55. Calculate the greatest common factor of p and g.
13
Suppose 0 = -5*x + 5*g + 5120, 0 = 8*g + 14*g - 21*g. What is the greatest common factor of x and 2?
2
Suppose 69 + 33 = 6*l. Let d(q) = q - 14. Let y be d(l). Let k be y + -2 + 3/1. Calculate the greatest common factor of k and 3.
1
Suppose 4*r = -5*l + 6*r + 79, -2*l - 3*r = -24. Let n be (10 + 0)*114/(-12). Let c = -65 - n. Calculate the greatest common factor of c and l.
15
Let t = 5625 + -4481. What is the greatest common factor of t and 88?
88
Let q(v) = v**3 - 16*v**2 + 63*v + 5. Let z be q(9). Suppose -14*f + 10*f - 85 = -b, z*b = 4*f + 377. Calculate the greatest common factor of b and 803.
73
Let f be 6011148/2970 - (-4)/90. Calculate the greatest common factor of 88 and f.
88
Let p = -35 - -94. Let i be (-1 - 6) + (-40)/(-60)*1161. What is the greatest common factor of i and p?
59
Let a be 170/(-50) + ((-165)/25 - -6) - -3496. What is the highest common divisor of 108 and a?
36
Suppose -3*q + 4*o - 17 = 0, -4 = -2*o + 6. Suppose -2*d - 1259 + 3149 = 0. Let k = -943 + d. Calculate the highest common factor of k and q.
1
Suppose -2*q + 160 = 3*l - 444, 4*q = 3*l - 592. Calculate the highest common divisor of 2050 and l.
50
Let w(o) = 3*o + 16. Let i be w(3). Let g = 53 - 52. Calculate the highest common divisor of i and g.
1
Let f(l) = l**2 + 100*l + 2536. Let u be f(-56). Suppose -2*s = 24 - 150. What is the highest common factor of u and s?
9
Suppose -10*j - 108 = 2*i - 5*j, 6*i = 4*j - 362. Let k = i + 144. Let u = 45 + -28. What is the greatest common divisor of u and k?
17
Suppose -4*i + 30 = 2*t, -2*t = -4*i + 3*t + 9. Let c be (29 - 29) + (-32)/(-1 + 0). What is the highest common divisor of i and c?
2
Let f be -1 + 15/5*(-178)/(-6). Suppose 0 = 13*k + 3*k - 128. Calculate the highest common divisor of f and k.
8
Let v be (2/9*(-59 - -62))/(47/2679). Let n be ((-1)/(-2))/(2/1444). Calculate the highest common divisor of v and n.
19
Suppose -5*y = x - 0*y - 84, 4*y + 16 = 0. Suppose 0 = -132*g - 42*g + 22620. What is the highest common factor of x and g?
26
Let l = 8470 + -7785. Calculate the greatest common divisor of 55 and l.
5
Suppose -6*d = -0*d + 18. Let i be (d + 3)*1/(-2). Suppose i = c - 13*c + 480. Calculate the greatest common factor of c and 5.
5
Let o be (4/(-6))/((-86)/9933). Suppose -98 = -4*f + 5*z, -2*f + 4*f - 38 = -3*z. Calculate the highest common divisor of o and f.
11
Suppose -3*n + 472 - 490 = 0, 5*u - 3084 = 4*n. What is the greatest common factor of u and 3825?
153
Let m be 4/16*-3 + (-729)/36. Let p be 1/(-6) + m/(-18). Let b be (2/4)/((-1)/(-22)). What is the highest common factor of b and p?
1
Suppose -4*z + 1242 = 3*i, 98*i - 100*i = -4*z + 1252. Calculate the greatest common divisor of z and 60.
12
Let l be 36 - 29 - (-1)/(-1). Suppose 0*s - 5*s + 15 = 0. Suppose 15 = 3*x - s*p, -p + 4*p = -4*x + 27. What is the highest common divisor of l and x?
6
Let n(u) be the second derivative of u**3/2 + 105*u**2/2 - 8*u. Let m be n(-28). Calculate the highest common factor of m and 147.
21
Let o = -115 - -118. Suppose o*t = -12*n + 13*n + 508, -t = 2*n - 160. What is the greatest common divisor of t and 7?
7
Let b = -1596 + 1971. Calculate the highest common divisor of b and 225.
75
Let f(l) = -17*l**3 + 16*l**3 - l - 21*l**2 + 45 - 44. Let d be f(-21). What is the highest common divisor of 6 and d?
2
Let v(i) = -i**2 + 22*i + 12. Let t be v(10). Suppose t*r = 128*r + 144. What is the highest common divisor of r and 72?
36
Let h be (524/8)/(-2 - (-50)/24). Suppose 11*x - h = 2349. What is the highest common divisor of 19 and x?
19
Let m be (-2)/9 + 546/27. Let s = -242 - -242. Suppose 38*w - 1914 - 4166 = s. What is the highest common divisor of w and m?
20
Suppose 5*b - 1 = 4*b, -b - 934 = -y. What is the greatest common divisor of 22 and y?
11
Suppose 0 = -2*i + 16 + 4. Let v be ((-384)/(-36))/(12/27) - 14. What is the greatest common divisor of i and v?
10
Let n be (1 + -2 + -1 + 3)*95. Let t = -871 - -886. Calculate the highest common factor of n and t.
5
Suppose -19 = 2*m + 13. Let g be m*((-34)/8 - -2). Let d(o) = -o**3 + 2*o**2 + 6*o + 18. Let n be d(-4). Calculate the highest common divisor of n and g.
18
Let j be (-6)/5 + 4550/250. What is the highest common factor of 2 and j?
1
Let a be (-56)/84*-82*(-6)/(-8). Let o = a + -37. Suppose -2*i - o*c = -574, 0*i + c = 4*i - 1112. Calculate the highest common divisor of 31 and i.
31
Let u(t) = -2*t**2 + 2*t + 1065. Let g be u(-22). Calculate the highest common divisor of g and 28991.
53
Let v(j) = 5*j**2 + j - 7. Let b be v(-2). Calculate the greatest common factor of 99 and b.
11
Suppose 10 = -74*i + 79*i. Suppose -i*x + 158 = 4*j - 9*j, -4*j = -x + 85. Let c = 121 - x. What is the highest common factor of c and 130?
26
Suppose -57*b - 4 = -58*b, 3*h + 2*b - 2270 = 0. What is the highest common divisor of 3654 and h?
58
Let q be 8/2*(0 + -2). Let b = q + 13. Suppose 0 = -11*t + 17*t - 30. Calculate the highest common factor of b and t.
5
Let q = -158 - -160. Suppose -4*r - 4 = -4*g - 2*r, -4*g - q*r = -20. Calculate the greatest common factor of 51 and g.
3
Let w(h) = 31*h**2 + 35*h - 16. Let x be w(-11). What is the greatest common factor of x and 25?
25
Suppose -2*z - 94 = 5*h, 5*h = 4*h - 4. Let b = 84 - z. What is the highest common factor of b and 44?
11
Let l = 18 - 16. Suppose o = -l*o + 12. Suppose 4*q + 32 = 5*q + 4*t, 3*q + 2*t - 86 = 0. What is the highest common divisor of o and q?
4
Suppose -10 = -2*k - 6. Suppose -2*l = -g + 25, 34 = k*g + 2*l + 2*l. Let m = -13 + g. Calculate the highest common factor of m and 24.
8
Let f(k) = -667*k + 10991. Let j be f(0). What is the highest common divisor of 29 and j?
29
Let n(g) = 4134*g - 10728. Let q be n(3). Calculate the greatest common divisor of 108 and q.
54
Let f = -16 + 108. Let z = f - -48. Calculate the highest common divisor of 35 and z.
35
Let p be (-2 - -12)/((12/(-105))/(1066/(-65))). What is the highest common divisor of p and 410?
205
Let o be 24 + (-2)/7*-14. Suppose -23*l = -o*l - 3*g + 881, 2 = g. Calculate the highest common factor of 7 and l.
7
Let d(w) = 18*w**2 - 3*w. Let r be ((-6)/9)/((-22)/33). Let j be d(r). Let y = 12 - 7. What is the greatest common divisor of j and y?
5
Suppose 7*a - 8 = 3*a. Let t(z) = 7*z - 16. Let d(j) = 5*j - 16. Let o(i) = a*t(i) - 3*d(i). Let c be o(-2). Calculate the highest common divisor of c and 162.
18
Suppose 4*l = 12*l - 144. Suppose b = -4*z + 577, 4*b = -l*z + 13*z + 735. Calculate the highest common factor of z and 11.
11
Suppose -619*g - 137 + 1784 = -8257. Calculate the greatest common divisor of 23696 and g.
16
Let r(z) = 22*z + 1816. Let c be r(-81). Let a be 552/(-36)*(-102)/4. Calculate the greatest common divisor of c and a.
17
Let p be -8*5/(-2)*((-4795)/(-28) + -30). Calculate the greatest common factor of 25 and p.
25
Let v = 3391 + 2657. Suppose j + v = 29*j. What is the highest common divisor of 36 and j?
36
Suppose -d = j - 1 - 659, 5*d + j - 3288 = 0. Let q = d - 633. Calculate the greatest common factor of 84 and q.
12
Let v be (26/2)/((-2)/(-4)). Suppose 625 + 110 = 7*k. Let z = k - 66. Calculate the greatest common divisor of z and v.
13
Let u = -22 + 45. Suppose -q + u + 43 = 0. S